{"id":10405,"date":"2019-08-17T20:09:32","date_gmt":"2019-08-17T23:09:32","guid":{"rendered":"http:\/\/69.16.243.28\/~arbolarwebcom\/web\/?page_id=10405"},"modified":"2019-11-15T17:24:13","modified_gmt":"2019-11-15T17:24:13","slug":"atividades-e-vistas-de-villa-la-angostura","status":"publish","type":"page","link":"https:\/\/arbolarweb.com.ar\/web\/atividades-e-vistas-de-villa-la-angostura\/","title":{"rendered":"Atividades e Vistas de Villa La Angostura"},"content":{"rendered":"<p>[vc_row][vc_column el_align=\u00bbleft\u00bb][vc_custom_heading text=\u00bbVilla La Angostura\u00bb font_container=\u00bbtag:h2|font_size:35|text_align:center\u00bb google_fonts=\u00bbfont_family:Roboto%3A100%2C100italic%2C300%2C300italic%2Cregular%2Citalic%2C500%2C500italic%2C700%2C700italic%2C900%2C900italic|font_style:100%20light%20regular%3A100%3Anormal\u00bb][rev_slider_vc alias=\u00bbvilla-la-angostura\u00bb][\/vc_column][\/vc_row][vc_row][vc_column][vc_column_text]<!-- \/wp:post-content -->[\/vc_column_text][\/vc_column][\/vc_row][vc_row][vc_column][vc_column_text]<!-- wp:shortcode -->[\/vc_column_text][\/vc_column][\/vc_row][vc_row][vc_column][vc_separator][vc_custom_heading text=\u00bbAtividades e Vistas de Villa La Angostura\u00bb font_container=\u00bbtag:h2|font_size:35|text_align:center\u00bb google_fonts=\u00bbfont_family:Roboto%3A100%2C100italic%2C300%2C300italic%2Cregular%2Citalic%2C500%2C500italic%2C700%2C700italic%2C900%2C900italic|font_style:100%20light%20regular%3A100%3Anormal\u00bb][vc_separator][\/vc_column][vc_column width=\u00bb1\/2&#8243;][vc_custom_heading text=\u00bbPesca\u00bb google_fonts=\u00bbfont_family:Roboto%3A100%2C100italic%2C300%2C300italic%2Cregular%2Citalic%2C500%2C500italic%2C700%2C700italic%2C900%2C900italic|font_style:300%20light%20regular%3A300%3Anormal\u00bb][vc_column_text]<\/p>\n<p><img loading=\"lazy\" decoding=\"async\" class=\"alignleft wp-image-8603 size-full\" src=\"http:\/\/arbolarweb.com.ar\/web\/wp-content\/uploads\/2018\/10\/pesca-1.jpg\" alt=\"\" width=\"188\" height=\"142\" \/>Nossos lagos e rios s\u00e3o o para\u00edso para esta atividade que abriga uma grande variedade de salmon\u00eddeos, trutas arco-\u00edris, castanhas e fontinais que vivem com esp\u00e9cies nativas que n\u00e3o podem pescar. O in\u00edcio da temporada \u00e9 em novembro e seu final em maio, h\u00e1 muitos lugares onde voc\u00ea pode realizar esta atividade em qualquer uma das suas modalidades de pesca com mosca, arrasto e fia\u00e7\u00e3o. Voc\u00ea pode desfrutar de muitas maneiras, pescando sozinho a partir da costa, com passeios de barco guiados nos diferentes lagos, ou flutuando no rio Limay, onde o Nahuel Huapi flui.<br \/>\u00c9 necess\u00e1rio que esta actividade tenha uma licen\u00e7a de pesca, os nossos recepcionistas podem aconselh\u00e1-lo onde obter essa autoriza\u00e7\u00e3o e quais s\u00e3o os passeios guiados dispon\u00edveis.<\/p>\n<p>[\/vc_column_text][vc_separator][vc_custom_heading text=\u00bbNavega\u00e7ao\u00bb google_fonts=\u00bbfont_family:Roboto%3A100%2C100italic%2C300%2C300italic%2Cregular%2Citalic%2C500%2C500italic%2C700%2C700italic%2C900%2C900italic|font_style:300%20light%20regular%3A300%3Anormal\u00bb][vc_column_text]<\/p>\n<p><img loading=\"lazy\" decoding=\"async\" class=\"alignleft wp-image-8611 size-full\" src=\"http:\/\/arbolarweb.com.ar\/web\/wp-content\/uploads\/2019\/05\/navegacion-1.jpg\" alt=\"\" width=\"188\" height=\"142\" \/>A melhor maneira de conhecer Nahuel Huapi \u00e9 navegando em suas \u00e1guas, visitando lugares diferentes, como a Ilha Victoria, a Pen\u00ednsula Quetrihue, as principais ba\u00edas da cidade. H\u00e1 tantas maneiras diferentes quanto voc\u00ea quiser, voc\u00ea pode ir a bordo de grandes barcos como catamar\u00e3s que saem do porto, para aqueles que querem algo mais reservado, h\u00e1 passeios em barcos pequenos, para os mais aventureiros, voc\u00ea pode velejar apenas com o impulso do vento. Veleiros e se h\u00e1 navegadores, com o cart\u00e3o de um timoneiro, eles t\u00eam a possibilidade de alugar semi-r\u00edgidos e visitar o lago \u00e0 sua maneira. H\u00e1 passeios ao longo do ano, embora as condi\u00e7\u00f5es mais quentes sejam durante o ver\u00e3o, pe\u00e7a conselhos na recep\u00e7\u00e3o para as diferentes alternativas.<\/p>\n<p>[\/vc_column_text][vc_separator][vc_custom_heading text=\u00bbRemo\u00bb google_fonts=\u00bbfont_family:Roboto%3A100%2C100italic%2C300%2C300italic%2Cregular%2Citalic%2C500%2C500italic%2C700%2C700italic%2C900%2C900italic|font_style:300%20light%20regular%3A300%3Anormal\u00bb][vc_column_text]<\/p>\n<p><img loading=\"lazy\" decoding=\"async\" class=\"wp-image-8672 size-full alignleft\" src=\"http:\/\/arbolarweb.com.ar\/web\/wp-content\/uploads\/2019\/05\/remo1-1.jpg\" alt=\"\" width=\"188\" height=\"142\" \/><img loading=\"lazy\" decoding=\"async\" class=\"wp-image-8673 size-full alignleft\" src=\"http:\/\/arbolarweb.com.ar\/web\/wp-content\/uploads\/2019\/05\/remo2-1.jpg\" alt=\"\" width=\"188\" height=\"142\" \/>Para aqueles que t\u00eam bom tempo e querem mais atividade na \u00e1gua, voc\u00ea pode remar em caiaques ou canoas em diferentes cantos do Nahuel Huapi e lagos pr\u00f3ximos, para aqueles que querem algo menos tradicional, voc\u00ea pode tentar a alternativa de remo, remando em p\u00e9 algumas pranchas de surf. Todas estas atividades podem ser feitas livremente alugando o equipamento ou com passagens guiadas, podem aconselhar na recep\u00e7\u00e3o sobre as modalidades diferentes.<\/p>\n<p>[\/vc_column_text][vc_separator][vc_custom_heading text=\u00bbTrekking\u00bb google_fonts=\u00bbfont_family:Roboto%3A100%2C100italic%2C300%2C300italic%2Cregular%2Citalic%2C500%2C500italic%2C700%2C700italic%2C900%2C900italic|font_style:300%20light%20regular%3A300%3Anormal\u00bb][vc_column_text]<\/p>\n<p><img loading=\"lazy\" decoding=\"async\" class=\"wp-image-8755 size-full alignleft\" src=\"http:\/\/arbolarweb.com.ar\/web\/wp-content\/uploads\/2019\/05\/trekking-1.jpg\" alt=\"\" width=\"188\" height=\"142\" \/>Esta \u00e9 uma das principais atividades que podem ser realizadas na vila de Angostura ao longo do ano para especialistas ou simplesmente entusiastas. Apreciando as paisagens incr\u00edveis que os caminhos atravessam, h\u00e1 in\u00fameras op\u00e7\u00f5es para escolher, caminhadas tranquilas na floresta com cachoeiras, subidas a colinas, longas travessias de v\u00e1rios dias entre montanhas e vales. Para esta atividade existem duas modalidades principais, que podem ser feitas independentemente por estradas sinalizadas, ou contratar guias especializados que os levar\u00e3o a lugares mais desafiantes, e acompanhar\u00e3o a aventura com a interpreta\u00e7\u00e3o da flora, fauna, hist\u00f3ria e geologia da regi\u00e3o. Consulte com nossas recepcionistas as diferentes alternativas, em qualquer caso, \u00e9 uma aventura na natureza mais pura.<\/p>\n<p>[\/vc_column_text][vc_separator][vc_custom_heading text=\u00bbMountain bike\u00bb google_fonts=\u00bbfont_family:Roboto%3A100%2C100italic%2C300%2C300italic%2Cregular%2Citalic%2C500%2C500italic%2C700%2C700italic%2C900%2C900italic|font_style:300%20light%20regular%3A300%3Anormal\u00bb][vc_column_text]<\/p>\n<p><img loading=\"lazy\" decoding=\"async\" class=\"alignleft wp-image-8761 size-full\" src=\"http:\/\/arbolarweb.com.ar\/web\/wp-content\/uploads\/2019\/05\/mountainbike1-1.jpg\" alt=\"\" width=\"188\" height=\"142\" \/><img loading=\"lazy\" decoding=\"async\" class=\"alignleft wp-image-8762 size-full\" src=\"http:\/\/arbolarweb.com.ar\/web\/wp-content\/uploads\/2019\/05\/mountainbike2-1.jpg\" alt=\"\" width=\"188\" height=\"142\" \/>Uma das principais atividades da \u00e1rea. Existem muitas trilhas dispon\u00edveis e n\u00edveis variados de dificuldade. Os mais conhecidos s\u00e3o os 12 km da pen\u00ednsula Quetrihue com sua bela floresta de arrayanes (pode ser combinado com o catamar\u00e3 para fazer uma se\u00e7\u00e3o de barcos), voc\u00ea tamb\u00e9m pode fazer a descida nas encostas das colinas, ou us\u00e1-lo como um meio para ir Para diferentes praias ao longo de caminhos na floresta. Pergunte na recep\u00e7\u00e3o para as diferentes ofertas de aluguer de bicicletas.<\/p>\n<p>[\/vc_column_text][vc_separator][vc_custom_heading text=\u00bbTenis \/ Squash\u00bb google_fonts=\u00bbfont_family:Roboto%3A100%2C100italic%2C300%2C300italic%2Cregular%2Citalic%2C500%2C500italic%2C700%2C700italic%2C900%2C900italic|font_style:300%20light%20regular%3A300%3Anormal\u00bb][vc_column_text]<\/p>\n<p><img loading=\"lazy\" decoding=\"async\" class=\"alignleft wp-image-8765 size-full\" src=\"http:\/\/arbolarweb.com.ar\/web\/wp-content\/uploads\/2019\/05\/tenis-1.jpg\" alt=\"\" width=\"188\" height=\"142\" \/>Para aqueles que gostam desses esportes nas proximidades do nosso complexo est\u00e3o a quadra de t\u00eanis coberta de Jean Pierre, um imigrante belga que desenvolveu o centro de esqui da cidade, e quadras de squash, ideal para fazer planos alternativos para os dias de chuva<br \/>Para os interessados, consulte nossos recepcionistas que podem lhe dar mais informa\u00e7\u00f5es sobre o servi\u00e7o e gerenciar reservas.<\/p>\n<p>[\/vc_column_text][\/vc_column][vc_column width=\u00bb1\/2&#8243;][vc_custom_heading text=\u00bbGolf\u00bb google_fonts=\u00bbfont_family:Roboto%3A100%2C100italic%2C300%2C300italic%2Cregular%2Citalic%2C500%2C500italic%2C700%2C700italic%2C900%2C900italic|font_style:300%20light%20regular%3A300%3Anormal\u00bb][vc_column_text]<\/p>\n<p><img loading=\"lazy\" decoding=\"async\" class=\"alignright wp-image-8606 size-full\" src=\"http:\/\/arbolarweb.com.ar\/web\/wp-content\/uploads\/2019\/05\/golf-1.jpg\" alt=\"\" width=\"188\" height=\"142\" \/>Para os amantes deste desporto e para aqueles que gostariam de experimentar pela primeira vez, o campo de golfe Ruka Kuyen fica a 400 metros do nosso complexo, com o qual temos um acordo para os nossos h\u00f3spedes. Um bom exemplo da paisagem montanhosa da nossa floresta \u00famida, com uma grande variedade de flora t\u00edpica da regi\u00e3o e a silhueta da colina ao fundo, possui 9 buracos, par tr\u00eas, ideais para desfrutar na primavera, ver\u00e3o e outono. No complexo, temos um conjunto de tacos de golfe, com o qual voc\u00ea pode jogar na quadra ou ir para o Driving Range, que tamb\u00e9m est\u00e1 nas proximidades do complexo<\/p>\n<p>[\/vc_column_text][vc_separator][vc_custom_heading text=\u00bbCanopy\u00bb google_fonts=\u00bbfont_family:Roboto%3A100%2C100italic%2C300%2C300italic%2Cregular%2Citalic%2C500%2C500italic%2C700%2C700italic%2C900%2C900italic|font_style:300%20light%20regular%3A300%3Anormal\u00bb][vc_column_text]<\/p>\n<p><img loading=\"lazy\" decoding=\"async\" class=\"wp-image-8669 size-full alignright\" src=\"http:\/\/arbolarweb.com.ar\/web\/wp-content\/uploads\/2019\/05\/canopy1-1.jpg\" alt=\"\" width=\"188\" height=\"142\" \/><img loading=\"lazy\" decoding=\"async\" class=\"size-full wp-image-8670 alignright\" src=\"http:\/\/arbolarweb.com.ar\/web\/wp-content\/uploads\/2019\/05\/canopy2-1.jpg\" alt=\"\" width=\"188\" height=\"142\" \/>Para aqueles que querem voar entre as \u00e1rvores, apreciando a beleza das florestas densas de coihues de seus \u00f3culos, h\u00e1 o dossel, uma jornada entre \u00e1rvores unidas com cabos de a\u00e7o e plataformas de madeira que voam voando amarrados por um arreio, uma atividade para Toda a fam\u00edlia totalmente segura e com a sua quota de aventura.<\/p>\n<p>[\/vc_column_text][vc_separator][vc_custom_heading text=\u00bbFourtrax\u00bb google_fonts=\u00bbfont_family:Roboto%3A100%2C100italic%2C300%2C300italic%2Cregular%2Citalic%2C500%2C500italic%2C700%2C700italic%2C900%2C900italic|font_style:300%20light%20regular%3A300%3Anormal\u00bb][vc_column_text]<\/p>\n<p><img loading=\"lazy\" decoding=\"async\" class=\"alignright wp-image-8753 size-full\" src=\"http:\/\/arbolarweb.com.ar\/web\/wp-content\/uploads\/2019\/05\/fourtrax-1.jpg\" alt=\"\" width=\"188\" height=\"142\" \/>Se voc\u00ea quiser curtir as florestas \u00famidas da Patag\u00f4nia de uma maneira diferente, h\u00e1 excurs\u00f5es nas encostas da Ba\u00eda de Cerro para visitar os guias e aproveitar a adrenalina da floresta.<\/p>\n<p>[\/vc_column_text][vc_separator][vc_custom_heading text=\u00bbSki \/ Snowboard\u00bb google_fonts=\u00bbfont_family:Roboto%3A100%2C100italic%2C300%2C300italic%2Cregular%2Citalic%2C500%2C500italic%2C700%2C700italic%2C900%2C900italic|font_style:300%20light%20regular%3A300%3Anormal\u00bb][vc_column_text]<\/p>\n<p><img loading=\"lazy\" decoding=\"async\" class=\"alignright wp-image-8754 size-full\" src=\"http:\/\/arbolarweb.com.ar\/web\/wp-content\/uploads\/2019\/05\/ski-1.jpg\" alt=\"\" width=\"188\" height=\"142\" \/>Para os entusiastas de esportes de inverno em nossa cidade, o Cerro Bayo, que desde sua inaugura\u00e7\u00e3o em 1978, \u00e9 um dos centros de esqui mais exclusivos da Patag\u00f4nia Argentina.<br \/>Rodeado por florestas e com uma vista particular do Lago Nahuel Huapi, este centro de esqui fica a poucos minutos do centro da cidade e oferece cerca de 200 hectares para esqui e snowboard. O Cerro Bayo \u00e9 ideal tanto para iniciantes quanto para esquiadores avan\u00e7ados, que t\u00eam mais de vinte pistas e meios de eleva\u00e7\u00e3o para aproveitar a colina nas diferentes encostas que apresenta.<\/p>\n<p>[\/vc_column_text][vc_separator][vc_custom_heading text=\u00bbMergulho\u00bb google_fonts=\u00bbfont_family:Roboto%3A100%2C100italic%2C300%2C300italic%2Cregular%2Citalic%2C500%2C500italic%2C700%2C700italic%2C900%2C900italic|font_style:300%20light%20regular%3A300%3Anormal\u00bb][vc_column_text]<\/p>\n<p><img loading=\"lazy\" decoding=\"async\" class=\"wp-image-8760 size-full alignright\" src=\"http:\/\/arbolarweb.com.ar\/web\/wp-content\/uploads\/2019\/05\/buceo2-1.jpg\" alt=\"\" width=\"188\" height=\"142\" \/><img loading=\"lazy\" decoding=\"async\" class=\"wp-image-8759 size-full alignright\" src=\"http:\/\/arbolarweb.com.ar\/web\/wp-content\/uploads\/2019\/05\/buceo1-1.jpg\" alt=\"\" width=\"188\" height=\"142\" \/>Dispon\u00edvel apenas no ver\u00e3o, se voc\u00ea gosta de \u00e1gua e est\u00e1 interessado em conhecer as profundezas dos lagos da regi\u00e3o que foram deixados pelos glaciares em sua passagem anos atr\u00e1s, existe a possibilidade de mergulhar em suas \u00e1guas. Com mergulhos no Nahuel Huapi ou no Lago Traful onde a floresta submersa est\u00e1 localizada, h\u00e1 excurs\u00f5es de mergulho de batismo para aqueles que descem pela primeira vez, viagens mais experientes para aqueles que s\u00e3o certificados e para aqueles que planejam uma estadia mais longa nesta cidade a possibilidade de completar os cursos completos com certifica\u00e7\u00e3o internacional com m\u00faltiplos mergulhos em diferentes partes da \u00e1rea.<\/p>\n<p>[\/vc_column_text][vc_separator][vc_custom_heading text=\u00bbCavalgatas\u00bb google_fonts=\u00bbfont_family:Roboto%3A100%2C100italic%2C300%2C300italic%2Cregular%2Citalic%2C500%2C500italic%2C700%2C700italic%2C900%2C900italic|font_style:300%20light%20regular%3A300%3Anormal\u00bb][vc_column_text]<\/p>\n<p><img loading=\"lazy\" decoding=\"async\" class=\"alignright wp-image-8764 size-full\" src=\"http:\/\/arbolarweb.com.ar\/web\/wp-content\/uploads\/2019\/05\/cabalgatas-1.jpg\" alt=\"\" width=\"188\" height=\"142\" \/>Para os amantes de cavalos, que melhor maneira de andar a cavalo neste lugar. Os destinos s\u00e3o bel\u00edssimas cachoeiras ou mirantes nas colinas que s\u00e3o alcan\u00e7adas por caminhos arborizados, apreciando a flora local e aproveitando o ar da Patag\u00f4nia. H\u00e1 passeios curtos para quem quer dar um passeio e outros que incluem a noite nas montanhas para quem quer mais aventura. Esta atividade ocorre principalmente no ver\u00e3o. Consulte a recep\u00e7\u00e3o para os programas dispon\u00edveis.<\/p>\n<p>[\/vc_column_text][vc_separator][vc_custom_heading text=\u00bbPasseios com raquetes de neve\u00bb google_fonts=\u00bbfont_family:Roboto%3A100%2C100italic%2C300%2C300italic%2Cregular%2Citalic%2C500%2C500italic%2C700%2C700italic%2C900%2C900italic|font_style:300%20light%20regular%3A300%3Anormal\u00bb][vc_column_text]<\/p>\n<p><img loading=\"lazy\" decoding=\"async\" class=\"alignright wp-image-8766 size-full\" src=\"http:\/\/arbolarweb.com.ar\/web\/wp-content\/uploads\/2019\/05\/raquetas-1.jpg\" alt=\"\" width=\"188\" height=\"142\" \/>Ideal para quem quer fazer algo diferente no inverno, existe essa possibilidade de conhecer a beleza das florestas e montanhas nevadas de nossa regi\u00e3o com raquetes de neve. H\u00e1 muitos lugares para realizar essa atividade com diferentes dificuldades que v\u00e3o desde as colinas da nossa cidade, a outras localizadas na Cordilheira dos Andes, na fronteira com o Chile.<br \/>Aconselhar com nossos recepcionistas sobre excurs\u00f5es e guias habilitados para realizar tal atividade.<\/p>\n<p>[\/vc_column_text][\/vc_column][\/vc_row][vc_row][vc_column][vc_column_text]<!-- \/wp:shortcode -->[\/vc_column_text][\/vc_column][\/vc_row]<\/p>\n","protected":false},"excerpt":{"rendered":"<p>[vc_row][vc_column el_align=\u00bbleft\u00bb][vc_custom_heading text=\u00bbVilla La Angostura\u00bb font_container=\u00bbtag:h2|font_size:35|text_align:center\u00bb google_fonts=\u00bbfont_family:Roboto%3A100%2C100italic%2C300%2C300italic%2Cregular%2Citalic%2C500%2C500italic%2C700%2C700italic%2C900%2C900italic|font_style:100%20light%20regular%3A100%3Anormal\u00bb][rev_slider_vc alias=\u00bbvilla-la-angostura\u00bb][\/vc_column][\/vc_row][vc_row][vc_column][vc_column_text][\/vc_column_text][\/vc_column][\/vc_row][vc_row][vc_column][vc_column_text][\/vc_column_text][\/vc_column][\/vc_row][vc_row][vc_column][vc_separator][vc_custom_heading text=\u00bbAtividades e Vistas de Villa La Angostura\u00bb font_container=\u00bbtag:h2|font_size:35|text_align:center\u00bb google_fonts=\u00bbfont_family:Roboto%3A100%2C100italic%2C300%2C300italic%2Cregular%2Citalic%2C500%2C500italic%2C700%2C700italic%2C900%2C900italic|font_style:100%20light%20regular%3A100%3Anormal\u00bb][vc_separator][\/vc_column][vc_column width=\u00bb1\/2&#8243;][vc_custom_heading text=\u00bbPesca\u00bb google_fonts=\u00bbfont_family:Roboto%3A100%2C100italic%2C300%2C300italic%2Cregular%2Citalic%2C500%2C500italic%2C700%2C700italic%2C900%2C900italic|font_style:300%20light%20regular%3A300%3Anormal\u00bb][vc_column_text] Nossos lagos e rios s\u00e3o o para\u00edso para esta atividade que abriga uma grande variedade de salmon\u00eddeos, trutas arco-\u00edris, castanhas e fontinais que vivem com esp\u00e9cies nativas que n\u00e3o podem pescar. O in\u00edcio da temporada [&hellip;]<\/p>\n","protected":false},"author":3,"featured_media":0,"parent":0,"menu_order":0,"comment_status":"closed","ping_status":"closed","template":"","meta":{"footnotes":""},"class_list":["post-10405","page","type-page","status-publish","hentry"],"yoast_head":"<!-- This site is optimized with the Yoast SEO plugin v25.5 - https:\/\/yoast.com\/wordpress\/plugins\/seo\/ -->\n<title>Arbolar - Casas de Monta\u00f1a - arbolarweb.com.ar<\/title>\n<meta name=\"description\" content=\"Alquiler de casas y apart hotel en Villa La Angostura\" \/>\n<meta name=\"robots\" content=\"index, follow, max-snippet:-1, max-image-preview:large, max-video-preview:-1\" \/>\n<link rel=\"canonical\" href=\"https:\/\/arbolarweb.com.ar\/web\/atividades-e-vistas-de-villa-la-angostura\/\" \/>\n<meta property=\"og:locale\" content=\"es_ES\" \/>\n<meta property=\"og:type\" content=\"article\" \/>\n<meta property=\"og:title\" content=\"Arbolar - Casas de Monta\u00f1a - arbolarweb.com.ar\" \/>\n<meta property=\"og:description\" content=\"Alquiler de casas y apart hotel en Villa La Angostura\" \/>\n<meta property=\"og:url\" content=\"https:\/\/arbolarweb.com.ar\/web\/atividades-e-vistas-de-villa-la-angostura\/\" \/>\n<meta property=\"og:site_name\" content=\"Arbolar Casas de Monta\u00f1a Villa La Angostura Patagonia Argentina\" \/>\n<meta property=\"article:publisher\" content=\"https:\/\/www.facebook.com\/arbolarcasas\/\" \/>\n<meta property=\"article:modified_time\" content=\"2019-11-15T17:24:13+00:00\" \/>\n<meta property=\"og:image\" content=\"http:\/\/arbolarweb.com.ar\/web\/wp-content\/uploads\/2018\/10\/pesca-1.jpg\" \/>\n<meta name=\"twitter:card\" content=\"summary_large_image\" \/>\n<meta name=\"twitter:label1\" content=\"Tiempo de lectura\" \/>\n\t<meta name=\"twitter:data1\" content=\"9 minutos\" \/>\n<script type=\"application\/ld+json\" class=\"yoast-schema-graph\">{\"@context\":\"https:\/\/schema.org\",\"@graph\":[{\"@type\":\"WebPage\",\"@id\":\"https:\/\/arbolarweb.com.ar\/web\/atividades-e-vistas-de-villa-la-angostura\/\",\"url\":\"https:\/\/arbolarweb.com.ar\/web\/atividades-e-vistas-de-villa-la-angostura\/\",\"name\":\"Arbolar - Casas de Monta\u00f1a - arbolarweb.com.ar\",\"isPartOf\":{\"@id\":\"https:\/\/arbolarweb.com.ar\/web\/#website\"},\"primaryImageOfPage\":{\"@id\":\"https:\/\/arbolarweb.com.ar\/web\/atividades-e-vistas-de-villa-la-angostura\/#primaryimage\"},\"image\":{\"@id\":\"https:\/\/arbolarweb.com.ar\/web\/atividades-e-vistas-de-villa-la-angostura\/#primaryimage\"},\"thumbnailUrl\":\"http:\/\/arbolarweb.com.ar\/web\/wp-content\/uploads\/2018\/10\/pesca-1.jpg\",\"datePublished\":\"2019-08-17T23:09:32+00:00\",\"dateModified\":\"2019-11-15T17:24:13+00:00\",\"description\":\"Alquiler de casas y apart hotel en Villa La Angostura\",\"breadcrumb\":{\"@id\":\"https:\/\/arbolarweb.com.ar\/web\/atividades-e-vistas-de-villa-la-angostura\/#breadcrumb\"},\"inLanguage\":\"es\",\"potentialAction\":[{\"@type\":\"ReadAction\",\"target\":[\"https:\/\/arbolarweb.com.ar\/web\/atividades-e-vistas-de-villa-la-angostura\/\"]}]},{\"@type\":\"ImageObject\",\"inLanguage\":\"es\",\"@id\":\"https:\/\/arbolarweb.com.ar\/web\/atividades-e-vistas-de-villa-la-angostura\/#primaryimage\",\"url\":\"http:\/\/arbolarweb.com.ar\/web\/wp-content\/uploads\/2018\/10\/pesca-1.jpg\",\"contentUrl\":\"http:\/\/arbolarweb.com.ar\/web\/wp-content\/uploads\/2018\/10\/pesca-1.jpg\"},{\"@type\":\"BreadcrumbList\",\"@id\":\"https:\/\/arbolarweb.com.ar\/web\/atividades-e-vistas-de-villa-la-angostura\/#breadcrumb\",\"itemListElement\":[{\"@type\":\"ListItem\",\"position\":1,\"name\":\"Portada\",\"item\":\"https:\/\/arbolarweb.com.ar\/web\/\"},{\"@type\":\"ListItem\",\"position\":2,\"name\":\"Atividades e Vistas de Villa La Angostura\"}]},{\"@type\":\"WebSite\",\"@id\":\"https:\/\/arbolarweb.com.ar\/web\/#website\",\"url\":\"https:\/\/arbolarweb.com.ar\/web\/\",\"name\":\"Arbolar Casas de Monta\u00f1a Villa La Angostura Patagonia Argentina\",\"description\":\"Hospedaje en Villa La Angostura\",\"potentialAction\":[{\"@type\":\"SearchAction\",\"target\":{\"@type\":\"EntryPoint\",\"urlTemplate\":\"https:\/\/arbolarweb.com.ar\/web\/?s={search_term_string}\"},\"query-input\":{\"@type\":\"PropertyValueSpecification\",\"valueRequired\":true,\"valueName\":\"search_term_string\"}}],\"inLanguage\":\"es\"}]}<\/script>\n<!-- \/ Yoast SEO plugin. -->","yoast_head_json":{"title":"Arbolar - Casas de Monta\u00f1a - arbolarweb.com.ar","description":"Alquiler de casas y apart hotel en Villa La Angostura","robots":{"index":"index","follow":"follow","max-snippet":"max-snippet:-1","max-image-preview":"max-image-preview:large","max-video-preview":"max-video-preview:-1"},"canonical":"https:\/\/arbolarweb.com.ar\/web\/atividades-e-vistas-de-villa-la-angostura\/","og_locale":"es_ES","og_type":"article","og_title":"Arbolar - Casas de Monta\u00f1a - arbolarweb.com.ar","og_description":"Alquiler de casas y apart hotel en Villa La Angostura","og_url":"https:\/\/arbolarweb.com.ar\/web\/atividades-e-vistas-de-villa-la-angostura\/","og_site_name":"Arbolar Casas de Monta\u00f1a Villa La Angostura Patagonia Argentina","article_publisher":"https:\/\/www.facebook.com\/arbolarcasas\/","article_modified_time":"2019-11-15T17:24:13+00:00","og_image":[{"url":"http:\/\/arbolarweb.com.ar\/web\/wp-content\/uploads\/2018\/10\/pesca-1.jpg","type":"","width":"","height":""}],"twitter_card":"summary_large_image","twitter_misc":{"Tiempo de lectura":"9 minutos"},"schema":{"@context":"https:\/\/schema.org","@graph":[{"@type":"WebPage","@id":"https:\/\/arbolarweb.com.ar\/web\/atividades-e-vistas-de-villa-la-angostura\/","url":"https:\/\/arbolarweb.com.ar\/web\/atividades-e-vistas-de-villa-la-angostura\/","name":"Arbolar - Casas de Monta\u00f1a - arbolarweb.com.ar","isPartOf":{"@id":"https:\/\/arbolarweb.com.ar\/web\/#website"},"primaryImageOfPage":{"@id":"https:\/\/arbolarweb.com.ar\/web\/atividades-e-vistas-de-villa-la-angostura\/#primaryimage"},"image":{"@id":"https:\/\/arbolarweb.com.ar\/web\/atividades-e-vistas-de-villa-la-angostura\/#primaryimage"},"thumbnailUrl":"http:\/\/arbolarweb.com.ar\/web\/wp-content\/uploads\/2018\/10\/pesca-1.jpg","datePublished":"2019-08-17T23:09:32+00:00","dateModified":"2019-11-15T17:24:13+00:00","description":"Alquiler de casas y apart hotel en Villa La Angostura","breadcrumb":{"@id":"https:\/\/arbolarweb.com.ar\/web\/atividades-e-vistas-de-villa-la-angostura\/#breadcrumb"},"inLanguage":"es","potentialAction":[{"@type":"ReadAction","target":["https:\/\/arbolarweb.com.ar\/web\/atividades-e-vistas-de-villa-la-angostura\/"]}]},{"@type":"ImageObject","inLanguage":"es","@id":"https:\/\/arbolarweb.com.ar\/web\/atividades-e-vistas-de-villa-la-angostura\/#primaryimage","url":"http:\/\/arbolarweb.com.ar\/web\/wp-content\/uploads\/2018\/10\/pesca-1.jpg","contentUrl":"http:\/\/arbolarweb.com.ar\/web\/wp-content\/uploads\/2018\/10\/pesca-1.jpg"},{"@type":"BreadcrumbList","@id":"https:\/\/arbolarweb.com.ar\/web\/atividades-e-vistas-de-villa-la-angostura\/#breadcrumb","itemListElement":[{"@type":"ListItem","position":1,"name":"Portada","item":"https:\/\/arbolarweb.com.ar\/web\/"},{"@type":"ListItem","position":2,"name":"Atividades e Vistas de Villa La Angostura"}]},{"@type":"WebSite","@id":"https:\/\/arbolarweb.com.ar\/web\/#website","url":"https:\/\/arbolarweb.com.ar\/web\/","name":"Arbolar Casas de Monta\u00f1a Villa La Angostura Patagonia Argentina","description":"Hospedaje en Villa La Angostura","potentialAction":[{"@type":"SearchAction","target":{"@type":"EntryPoint","urlTemplate":"https:\/\/arbolarweb.com.ar\/web\/?s={search_term_string}"},"query-input":{"@type":"PropertyValueSpecification","valueRequired":true,"valueName":"search_term_string"}}],"inLanguage":"es"}]}},"_links":{"self":[{"href":"https:\/\/arbolarweb.com.ar\/web\/wp-json\/wp\/v2\/pages\/10405","targetHints":{"allow":["GET"]}}],"collection":[{"href":"https:\/\/arbolarweb.com.ar\/web\/wp-json\/wp\/v2\/pages"}],"about":[{"href":"https:\/\/arbolarweb.com.ar\/web\/wp-json\/wp\/v2\/types\/page"}],"author":[{"embeddable":true,"href":"https:\/\/arbolarweb.com.ar\/web\/wp-json\/wp\/v2\/users\/3"}],"replies":[{"embeddable":true,"href":"https:\/\/arbolarweb.com.ar\/web\/wp-json\/wp\/v2\/comments?post=10405"}],"version-history":[{"count":1,"href":"https:\/\/arbolarweb.com.ar\/web\/wp-json\/wp\/v2\/pages\/10405\/revisions"}],"predecessor-version":[{"id":11104,"href":"https:\/\/arbolarweb.com.ar\/web\/wp-json\/wp\/v2\/pages\/10405\/revisions\/11104"}],"wp:attachment":[{"href":"https:\/\/arbolarweb.com.ar\/web\/wp-json\/wp\/v2\/media?parent=10405"}],"curies":[{"name":"wp","href":"https:\/\/api.w.org\/{rel}","templated":true}]}}