{"id":7834,"date":"2017-05-16T06:59:54","date_gmt":"2017-05-16T06:59:54","guid":{"rendered":"http:\/\/69.16.243.28\/~arbolarwebcom\/web\/?page_id=7834"},"modified":"2025-12-15T08:58:12","modified_gmt":"2025-12-15T11:58:12","slug":"club-house-y-servicios","status":"publish","type":"page","link":"https:\/\/arbolarweb.com.ar\/web\/club-house-y-servicios\/","title":{"rendered":"Club House y Servicios"},"content":{"rendered":"<p>[vc_row css_animation=\u00bbnone\u00bb bg_type=\u00bbbg_color\u00bb css=\u00bb.vc_custom_1568301197871{padding-right: 5% !important;padding-left: 5% !important;background-color: #f5f5f5 !important;}\u00bb bg_color_value=\u00bb#ffffff\u00bb][vc_column]<div class=\"ult-animation  ult-animate-viewport  ult-no-mobile \" data-animate=\"zoomIn\" data-animation-delay=\"1\" data-animation-duration=\"1\" data-animation-iteration=\"1\" style=\"opacity:0;\" data-opacity_start_effect=\"\">[vc_custom_heading text=\u00bbClub House y Servicios\u00bb font_container=\u00bbtag:h2|font_size:35|text_align:center\u00bb google_fonts=\u00bbfont_family:Roboto%3A100%2C100italic%2C300%2C300italic%2Cregular%2Citalic%2C500%2C500italic%2C700%2C700italic%2C900%2C900italic|font_style:100%20light%20regular%3A100%3Anormal\u00bb][vc_separator][vc_column_text css_animation=\u00bbfadeInDown\u00bb]<\/p>\n<p style=\"text-align: center;\">El complejo Arbolar dispone de un parque de 18.000m2 con areas de recreaci\u00f3n exterior con juegos para ni\u00f1os y un club house con piscina climatizada in\/out, gimnasio y sala de juegos.<\/p>\n<p>[\/vc_column_text][vc_separator]<div id=\"ult-carousel-116165686269e8aa2305217\" class=\"ult-carousel-wrapper   ult_horizontal\" data-gutter=\"5\" data-rtl=\"false\" ><div class=\"ult-carousel-140656186269e8aa2305089 \" >[vc_single_image image=\u00bb10837&#8243; img_size=\u00bb500&#215;500&#8243; onclick=\u00bblink_image\u00bb][vc_single_image image=\u00bb9758&#8243; img_size=\u00bb500&#215;500&#8243; onclick=\u00bblink_image\u00bb][vc_single_image image=\u00bb9759&#8243; img_size=\u00bb500&#215;500&#8243; onclick=\u00bblink_image\u00bb][vc_single_image image=\u00bb15059&#8243; img_size=\u00bb500&#215;500&#8243; onclick=\u00bblink_image\u00bb][vc_single_image image=\u00bb9761&#8243; img_size=\u00bb500&#215;500&#8243; onclick=\u00bblink_image\u00bb][vc_single_image image=\u00bb10840&#8243; img_size=\u00bb500&#215;500&#8243; onclick=\u00bblink_image\u00bb][vc_single_image image=\u00bb9763&#8243; img_size=\u00bb500&#215;500&#8243; onclick=\u00bblink_image\u00bb][vc_single_image image=\u00bb15060&#8243; img_size=\u00bb500&#215;500&#8243; onclick=\u00bblink_image\u00bb][vc_single_image image=\u00bb10842&#8243; img_size=\u00bb500&#215;500&#8243; alignment=\u00bbright\u00bb onclick=\u00bblink_image\u00bb][vc_single_image image=\u00bb9766&#8243; img_size=\u00bb500&#215;500&#8243; onclick=\u00bblink_image\u00bb][vc_single_image image=\u00bb9767&#8243; img_size=\u00bb500&#215;500&#8243; onclick=\u00bblink_image\u00bb][vc_single_image image=\u00bb9768&#8243; img_size=\u00bb500&#215;500&#8243; onclick=\u00bblink_image\u00bb][vc_single_image image=\u00bb9769&#8243; img_size=\u00bb500&#215;500&#8243; onclick=\u00bblink_image\u00bb][vc_single_image image=\u00bb9770&#8243; img_size=\u00bb500&#215;500&#8243; onclick=\u00bblink_image\u00bb][vc_single_image image=\u00bb15058&#8243; img_size=\u00bb500&#215;500&#8243; onclick=\u00bblink_image\u00bb][vc_single_image image=\u00bb9772&#8243; img_size=\u00bb500&#215;500&#8243; onclick=\u00bblink_image\u00bb][vc_single_image image=\u00bb9773&#8243; img_size=\u00bb500&#215;500&#8243; onclick=\u00bblink_image\u00bb][vc_single_image image=\u00bb10844&#8243; img_size=\u00bb500&#215;500&#8243; onclick=\u00bblink_image\u00bb][vc_single_image image=\u00bb9775&#8243; img_size=\u00bb500&#215;500&#8243; onclick=\u00bblink_image\u00bb][vc_single_image image=\u00bb10128&#8243; img_size=\u00bb500&#215;500&#8243; onclick=\u00bblink_image\u00bb][vc_single_image image=\u00bb9777&#8243; img_size=\u00bb500&#215;500&#8243; onclick=\u00bblink_image\u00bb][vc_single_image image=\u00bb9778&#8243; img_size=\u00bb500&#215;500&#8243; onclick=\u00bblink_image\u00bb][vc_single_image image=\u00bb10846&#8243; img_size=\u00bb500&#215;500&#8243; onclick=\u00bblink_image\u00bb][vc_single_image image=\u00bb9948&#8243; img_size=\u00bb500&#215;500&#8243; onclick=\u00bblink_image\u00bb]<\/div><\/div>\t\t\t<script type=\"text\/javascript\">\r\n\t\t\t\tjQuery(document).ready(function ($) {\r\n\t\t\t\t\tif( typeof jQuery('.ult-carousel-140656186269e8aa2305089').slick == \"function\"){\r\n\t\t\t\t\t\t$('.ult-carousel-140656186269e8aa2305089').slick({dots: true,autoplay: true,autoplaySpeed: 5000,speed: 800,infinite: true,arrows: true,nextArrow: '<button type=\"button\" role=\"button\" aria-label=\"Next\" style=\"color:#ffffff; font-size:32px;background:rgba(255,255,255,0.49);\" class=\"slick-next circle-bg\"><i class=\"ultsl-arrow-right4\"><\/i><\/button>',prevArrow: '<button type=\"button\" role=\"button\" aria-label=\"Previous\" style=\"color:#ffffff; font-size:32px;background:rgba(255,255,255,0.49);\" class=\"slick-prev circle-bg\"><i class=\"ultsl-arrow-left4\"><\/i><\/button>',slidesToScroll:3,slidesToShow:3,swipe: true,draggable: true,touchMove: true,pauseOnHover: true,pauseOnFocus: false,responsive: [\r\n\t\t\t\t\t\t\t{\r\n\t\t\t\t\t\t\t  breakpoint: 1025,\r\n\t\t\t\t\t\t\t  settings: {\r\n\t\t\t\t\t\t\t\tslidesToShow: 3,\r\n\t\t\t\t\t\t\t\tslidesToScroll: 3,  \r\n\t\t\t\t\t\t\t  }\r\n\t\t\t\t\t\t\t},\r\n\t\t\t\t\t\t\t{\r\n\t\t\t\t\t\t\t  breakpoint: 769,\r\n\t\t\t\t\t\t\t  settings: {\r\n\t\t\t\t\t\t\t\tslidesToShow: 3,\r\n\t\t\t\t\t\t\t\tslidesToScroll: 3\r\n\t\t\t\t\t\t\t  }\r\n\t\t\t\t\t\t\t},\r\n\t\t\t\t\t\t\t{\r\n\t\t\t\t\t\t\t  breakpoint: 481,\r\n\t\t\t\t\t\t\t  settings: {\r\n\t\t\t\t\t\t\t\tslidesToShow: 1,\r\n\t\t\t\t\t\t\t\tslidesToScroll: 1\r\n\t\t\t\t\t\t\t  }\r\n\t\t\t\t\t\t\t}\r\n\t\t\t\t\t\t],pauseOnDotsHover: true,customPaging: function(slider, i) {\r\n                   return '<i type=\"button\" style= \"color:#7f7f7f;\" class=\"ultsl-radio-unchecked\" data-role=\"none\"><\/i>';\r\n                },});\r\n\t\t\t\t\t}\r\n\t\t\t\t});\r\n\t\t\t<\/script>\r\n\t\t\t<\/div>[vc_separator][\/vc_column][\/vc_row][vc_row full_width=\u00bbdefault_no_spaces\u00bb gap=\u00bb35&#8243; css_animation=\u00bbfadeInUp\u00bb bg_type=\u00bbbg_color\u00bb css=\u00bb.vc_custom_1543081060724{background-color: #f5f5f5 !important;}\u00bb bg_color_value=\u00bb#ffffff\u00bb][vc_column width=\u00bb1\/3&#8243; el_align=\u00bbcenter\u00bb]<div class=\"ult-animation  ult-animate-viewport  ult-no-mobile \" data-animate=\"fadeInUp\" data-animation-delay=\"0.8\" data-animation-duration=\"1\" data-animation-iteration=\"1\" style=\"opacity:0;\" data-opacity_start_effect=\"\">[vc_custom_heading text=\u00bbPiscina climatizada in\/out\u00bb font_container=\u00bbtag:h3|text_align:center\u00bb google_fonts=\u00bbfont_family:Open%20Sans%3A300%2C300italic%2Cregular%2Citalic%2C600%2C600italic%2C700%2C700italic%2C800%2C800italic|font_style:600%20bold%20regular%3A600%3Anormal\u00bb][vc_column_text css=\u00bb.vc_custom_1556909507232{margin-bottom: 30px !important;}\u00bb]<\/p>\n<p style=\"text-align: center;\">El sector de la piscina tiene vestuarios, una piscina in\/out climatizada a 35\u00b0 de temperatura y un sector especial con una piscina climatizada para ni\u00f1os menores de 5 a\u00f1os. En su deck sol\u00e1rium rodeado del ruido del arroyo disfrutar\u00e1 al m\u00e1ximo de la experiencia Arbolar.<\/p>\n<p>[\/vc_column_text]<\/div>[\/vc_column][vc_column width=\u00bb1\/3&#8243; el_align=\u00bbcenter\u00bb]<div class=\"ult-animation  ult-animate-viewport  ult-no-mobile \" data-animate=\"fadeInUp\" data-animation-delay=\"1.1\" data-animation-duration=\"1\" data-animation-iteration=\"1\" style=\"opacity:0;\" data-opacity_start_effect=\"\">[vc_custom_heading text=\u00bbSala de Juegos\u00bb font_container=\u00bbtag:h3|text_align:center\u00bb google_fonts=\u00bbfont_family:Open%20Sans%3A300%2C300italic%2Cregular%2Citalic%2C600%2C600italic%2C700%2C700italic%2C800%2C800italic|font_style:600%20bold%20regular%3A600%3Anormal\u00bb][vc_column_text css=\u00bb.vc_custom_1538569169806{margin-bottom: 30px !important;}\u00bb]Equipada con una mesa de pool reversible en ping pong, un metegol y una play station con un LCD de 32&#8243;, la sala de juegos es el lugar destinado al disfrute de los m\u00e1s chicos y adolescentes.[\/vc_column_text]<\/div>[\/vc_column][vc_column width=\u00bb1\/3&#8243; el_align=\u00bbcenter\u00bb]<div class=\"ult-animation  ult-animate-viewport  ult-no-mobile \" data-animate=\"fadeInUp\" data-animation-delay=\"1.4\" data-animation-duration=\"1\" data-animation-iteration=\"1\" style=\"opacity:0;\" data-opacity_start_effect=\"\">[vc_custom_heading text=\u00bbGimnasio\u00bb font_container=\u00bbtag:h3|text_align:center\u00bb google_fonts=\u00bbfont_family:Open%20Sans%3A300%2C300italic%2Cregular%2Citalic%2C600%2C600italic%2C700%2C700italic%2C800%2C800italic|font_style:600%20bold%20regular%3A600%3Anormal\u00bb][vc_column_text css=\u00bb.vc_custom_1538568962655{margin-bottom: 30px !important;}\u00bb]<\/p>\n<p style=\"text-align: center;\">Un lugar pensado para mantener la forma mientras se disfruta de una incre\u00edble vista al arroyo y la monta\u00f1a. El gimnasio est\u00e1 equipado con bicicleta, cinta, el\u00edptico y mini gimnasio.<\/p>\n<p>[\/vc_column_text]<\/div>[\/vc_column][\/vc_row][vc_row full_width=\u00bbdefault_no_spaces\u00bb bg_type=\u00bbbg_color\u00bb css=\u00bb.vc_custom_1543081031017{padding-top: 4% !important;padding-bottom: 3% !important;}\u00bb el_class=\u00bbservices-section3&#8243; bg_color_value=\u00bb#ffffff\u00bb][vc_column]<div class=\"ult-animation  ult-animate-viewport  ult-no-mobile \" data-animate=\"fadeInLeft\" data-animation-delay=\"0.5\" data-animation-duration=\"1\" data-animation-iteration=\"1\" style=\"opacity:0;\" data-opacity_start_effect=\"\">[vc_custom_heading text=\u00bbServicios y Equipamiento\u00bb font_container=\u00bbtag:h2|font_size:28|text_align:center\u00bb google_fonts=\u00bbfont_family:Roboto%3A100%2C100italic%2C300%2C300italic%2Cregular%2Citalic%2C500%2C500italic%2C700%2C700italic%2C900%2C900italic|font_style:300%20light%20regular%3A300%3Anormal\u00bb][vc_separator]<\/div>[\/vc_column][vc_column width=\u00bb1\/6&#8243;][\/vc_column][vc_column width=\u00bb2\/6&#8243;][vc_column_text]<\/p>\n<ul>\n<li>Guarda esqu\u00ed<\/li>\n<li>Estacionamiento<\/li>\n<li>Ropa blanca | Servicio de mucama<\/li>\n<li>Servicio de internet WiFi<\/li>\n<li>PC de cortes\u00eda al hu\u00e9sped en recepci\u00f3n<\/li>\n<li>Piscina climatizada in\/out a 30\u00b0C de temp.<\/li>\n<li>Piscina climatizada para ni\u00f1os<\/li>\n<li>Toallones de pileta | Solarium<\/li>\n<\/ul>\n<p>[\/vc_column_text][\/vc_column][vc_column width=\u00bb2\/6&#8243;][vc_column_text]<\/p>\n<ul>\n<li>Sala de Juegos con pool, metegol, ping pong y play station 3<\/li>\n<li>Cuna funcional, silla y ba\u00f1era para bebes<\/li>\n<li>Vestuarios<\/li>\n<li>Deck y parrillas individuales<\/li>\n<li>Servicios de le\u00f1a (s\u00f3lo en casas)<\/li>\n<li>Bicicletas disponibles sin costo adicional<\/li>\n<li>Kits materos sin costo adicional<\/li>\n<\/ul>\n<p>[\/vc_column_text][\/vc_column][vc_column width=\u00bb1\/6&#8243;][\/vc_column][\/vc_row][vc_row full_width=\u00bbdefault_no_spaces\u00bb css_animation=\u00bbfadeInUp\u00bb css=\u00bb.vc_custom_1543080835981{padding-top: 35px !important;padding-bottom: 35px !important;background-color: #3b3e47 !important;}\u00bb][vc_column width=\u00bb2\/3&#8243;]<div class=\"ult-animation  ult-animate-viewport  ult-no-mobile \" data-animate=\"fadeInLeft\" data-animation-delay=\"0.8\" data-animation-duration=\"1\" data-animation-iteration=\"1\" style=\"opacity:0;\" data-opacity_start_effect=\"\">[vc_custom_heading text=\u00bbReserv\u00e1 ahora tu estad\u00eda en Arbolar\u00bb font_container=\u00bbtag:h2|font_size:30|text_align:left|color:%23ffffff\u00bb use_theme_fonts=\u00bbyes\u00bb css=\u00bb.vc_custom_1538571806214{margin-bottom: 5px !important;}\u00bb][vc_custom_heading text=\u00bbViv\u00ed una experiencia \u00fanica, disfrutando del encanto de Villa La Angostura, sus monta\u00f1as, lagos y bosques.\u00bb font_container=\u00bbtag:p|font_size:14|text_align:left|color:%23ffffff\u00bb use_theme_fonts=\u00bbyes\u00bb css=\u00bb.vc_custom_1557954646818{margin-bottom: 0px !important;}\u00bb]<\/div>[\/vc_column][vc_column width=\u00bb1\/3&#8243; el_align=\u00bbright\u00bb]<div class=\"ult-animation  ult-animate-viewport  ult-no-mobile \" data-animate=\"bounceIn\" data-animation-delay=\"1.1\" data-animation-duration=\"1\" data-animation-iteration=\"1\" style=\"opacity:0;\" data-opacity_start_effect=\"\">[vc_btn title=\u00bbR E S E R V A R\u00bb style=\u00bbflat\u00bb shape=\u00bbsquare\u00bb color=\u00bbinverse\u00bb size=\u00bblg\u00bb css_animation=\u00bbfadeInRight\u00bb link=\u00bburl:%2Fweb%2Freservas%2F|title:Reservas||\u00bb]<\/div>[\/vc_column][\/vc_row]<\/p>\n","protected":false},"excerpt":{"rendered":"<p>[vc_row css_animation=\u00bbnone\u00bb bg_type=\u00bbbg_color\u00bb css=\u00bb.vc_custom_1568301197871{padding-right: 5% !important;padding-left: 5% !important;background-color: #f5f5f5 !important;}\u00bb bg_color_value=\u00bb#ffffff\u00bb][vc_column][vc_separator][\/vc_column][\/vc_row][vc_row full_width=\u00bbdefault_no_spaces\u00bb gap=\u00bb35&#8243; css_animation=\u00bbfadeInUp\u00bb bg_type=\u00bbbg_color\u00bb css=\u00bb.vc_custom_1543081060724{background-color: #f5f5f5 !important;}\u00bb bg_color_value=\u00bb#ffffff\u00bb][vc_column width=\u00bb1\/3&#8243; el_align=\u00bbcenter\u00bb][\/vc_column][vc_column width=\u00bb1\/3&#8243; el_align=\u00bbcenter\u00bb][\/vc_column][vc_column width=\u00bb1\/3&#8243; el_align=\u00bbcenter\u00bb][\/vc_column][\/vc_row][vc_row full_width=\u00bbdefault_no_spaces\u00bb bg_type=\u00bbbg_color\u00bb css=\u00bb.vc_custom_1543081031017{padding-top: 4% !important;padding-bottom: 3% !important;}\u00bb el_class=\u00bbservices-section3&#8243; bg_color_value=\u00bb#ffffff\u00bb][vc_column][\/vc_column][vc_column width=\u00bb1\/6&#8243;][\/vc_column][vc_column width=\u00bb2\/6&#8243;][vc_column_text] Guarda esqu\u00ed Estacionamiento Ropa blanca | Servicio de mucama Servicio de internet WiFi PC de cortes\u00eda al hu\u00e9sped en [&hellip;]<\/p>\n","protected":false},"author":3,"featured_media":0,"parent":0,"menu_order":0,"comment_status":"closed","ping_status":"closed","template":"","meta":{"footnotes":""},"class_list":["post-7834","page","type-page","status-publish","hentry"],"yoast_head":"<!-- This site is optimized with the Yoast SEO plugin v25.5 - https:\/\/yoast.com\/wordpress\/plugins\/seo\/ -->\n<title>Club house y servicios en Arbolar - Villa La Angostura<\/title>\n<meta name=\"description\" content=\"Villa La Angostura, Alquiler, Alojamiento, Caba\u00f1as, Casas, Departamentos, Alquiler Temporario, Apart hotel, Las Balsas, Cerro Bayo\" \/>\n<meta name=\"robots\" content=\"index, follow, max-snippet:-1, max-image-preview:large, max-video-preview:-1\" \/>\n<link rel=\"canonical\" href=\"https:\/\/arbolarweb.com.ar\/web\/club-house-y-servicios\/\" \/>\n<meta property=\"og:locale\" content=\"es_ES\" \/>\n<meta property=\"og:type\" content=\"article\" \/>\n<meta property=\"og:title\" content=\"Club house y servicios en Arbolar - Villa La Angostura\" \/>\n<meta property=\"og:description\" content=\"Villa La Angostura, Alquiler, Alojamiento, Caba\u00f1as, Casas, Departamentos, Alquiler Temporario, Apart hotel, Las Balsas, Cerro Bayo\" \/>\n<meta property=\"og:url\" content=\"https:\/\/arbolarweb.com.ar\/web\/club-house-y-servicios\/\" \/>\n<meta property=\"og:site_name\" content=\"Arbolar Casas de Monta\u00f1a Villa La Angostura Patagonia Argentina\" \/>\n<meta property=\"article:publisher\" content=\"https:\/\/www.facebook.com\/arbolarcasas\/\" \/>\n<meta property=\"article:modified_time\" content=\"2025-12-15T11:58:12+00:00\" \/>\n<meta name=\"twitter:card\" content=\"summary_large_image\" \/>\n<meta name=\"twitter:label1\" content=\"Tiempo de lectura\" \/>\n\t<meta name=\"twitter:data1\" content=\"3 minutos\" \/>\n<script type=\"application\/ld+json\" class=\"yoast-schema-graph\">{\"@context\":\"https:\/\/schema.org\",\"@graph\":[{\"@type\":\"WebPage\",\"@id\":\"https:\/\/arbolarweb.com.ar\/web\/club-house-y-servicios\/\",\"url\":\"https:\/\/arbolarweb.com.ar\/web\/club-house-y-servicios\/\",\"name\":\"Club house y servicios en Arbolar - Villa La Angostura\",\"isPartOf\":{\"@id\":\"https:\/\/arbolarweb.com.ar\/web\/#website\"},\"datePublished\":\"2017-05-16T06:59:54+00:00\",\"dateModified\":\"2025-12-15T11:58:12+00:00\",\"description\":\"Villa La Angostura, Alquiler, Alojamiento, Caba\u00f1as, Casas, Departamentos, Alquiler Temporario, Apart hotel, Las Balsas, Cerro Bayo\",\"breadcrumb\":{\"@id\":\"https:\/\/arbolarweb.com.ar\/web\/club-house-y-servicios\/#breadcrumb\"},\"inLanguage\":\"es\",\"potentialAction\":[{\"@type\":\"ReadAction\",\"target\":[\"https:\/\/arbolarweb.com.ar\/web\/club-house-y-servicios\/\"]}]},{\"@type\":\"BreadcrumbList\",\"@id\":\"https:\/\/arbolarweb.com.ar\/web\/club-house-y-servicios\/#breadcrumb\",\"itemListElement\":[{\"@type\":\"ListItem\",\"position\":1,\"name\":\"Portada\",\"item\":\"https:\/\/arbolarweb.com.ar\/web\/\"},{\"@type\":\"ListItem\",\"position\":2,\"name\":\"Club House y Servicios\"}]},{\"@type\":\"WebSite\",\"@id\":\"https:\/\/arbolarweb.com.ar\/web\/#website\",\"url\":\"https:\/\/arbolarweb.com.ar\/web\/\",\"name\":\"Arbolar Casas de Monta\u00f1a Villa La Angostura Patagonia Argentina\",\"description\":\"Hospedaje en Villa La Angostura\",\"potentialAction\":[{\"@type\":\"SearchAction\",\"target\":{\"@type\":\"EntryPoint\",\"urlTemplate\":\"https:\/\/arbolarweb.com.ar\/web\/?s={search_term_string}\"},\"query-input\":{\"@type\":\"PropertyValueSpecification\",\"valueRequired\":true,\"valueName\":\"search_term_string\"}}],\"inLanguage\":\"es\"}]}<\/script>\n<!-- \/ Yoast SEO plugin. -->","yoast_head_json":{"title":"Club house y servicios en Arbolar - Villa La Angostura","description":"Villa La Angostura, Alquiler, Alojamiento, Caba\u00f1as, Casas, Departamentos, Alquiler Temporario, Apart hotel, Las Balsas, Cerro Bayo","robots":{"index":"index","follow":"follow","max-snippet":"max-snippet:-1","max-image-preview":"max-image-preview:large","max-video-preview":"max-video-preview:-1"},"canonical":"https:\/\/arbolarweb.com.ar\/web\/club-house-y-servicios\/","og_locale":"es_ES","og_type":"article","og_title":"Club house y servicios en Arbolar - Villa La Angostura","og_description":"Villa La Angostura, Alquiler, Alojamiento, Caba\u00f1as, Casas, Departamentos, Alquiler Temporario, Apart hotel, Las Balsas, Cerro Bayo","og_url":"https:\/\/arbolarweb.com.ar\/web\/club-house-y-servicios\/","og_site_name":"Arbolar Casas de Monta\u00f1a Villa La Angostura Patagonia Argentina","article_publisher":"https:\/\/www.facebook.com\/arbolarcasas\/","article_modified_time":"2025-12-15T11:58:12+00:00","twitter_card":"summary_large_image","twitter_misc":{"Tiempo de lectura":"3 minutos"},"schema":{"@context":"https:\/\/schema.org","@graph":[{"@type":"WebPage","@id":"https:\/\/arbolarweb.com.ar\/web\/club-house-y-servicios\/","url":"https:\/\/arbolarweb.com.ar\/web\/club-house-y-servicios\/","name":"Club house y servicios en Arbolar - Villa La Angostura","isPartOf":{"@id":"https:\/\/arbolarweb.com.ar\/web\/#website"},"datePublished":"2017-05-16T06:59:54+00:00","dateModified":"2025-12-15T11:58:12+00:00","description":"Villa La Angostura, Alquiler, Alojamiento, Caba\u00f1as, Casas, Departamentos, Alquiler Temporario, Apart hotel, Las Balsas, Cerro Bayo","breadcrumb":{"@id":"https:\/\/arbolarweb.com.ar\/web\/club-house-y-servicios\/#breadcrumb"},"inLanguage":"es","potentialAction":[{"@type":"ReadAction","target":["https:\/\/arbolarweb.com.ar\/web\/club-house-y-servicios\/"]}]},{"@type":"BreadcrumbList","@id":"https:\/\/arbolarweb.com.ar\/web\/club-house-y-servicios\/#breadcrumb","itemListElement":[{"@type":"ListItem","position":1,"name":"Portada","item":"https:\/\/arbolarweb.com.ar\/web\/"},{"@type":"ListItem","position":2,"name":"Club House y Servicios"}]},{"@type":"WebSite","@id":"https:\/\/arbolarweb.com.ar\/web\/#website","url":"https:\/\/arbolarweb.com.ar\/web\/","name":"Arbolar Casas de Monta\u00f1a Villa La Angostura Patagonia Argentina","description":"Hospedaje en Villa La Angostura","potentialAction":[{"@type":"SearchAction","target":{"@type":"EntryPoint","urlTemplate":"https:\/\/arbolarweb.com.ar\/web\/?s={search_term_string}"},"query-input":{"@type":"PropertyValueSpecification","valueRequired":true,"valueName":"search_term_string"}}],"inLanguage":"es"}]}},"_links":{"self":[{"href":"https:\/\/arbolarweb.com.ar\/web\/wp-json\/wp\/v2\/pages\/7834","targetHints":{"allow":["GET"]}}],"collection":[{"href":"https:\/\/arbolarweb.com.ar\/web\/wp-json\/wp\/v2\/pages"}],"about":[{"href":"https:\/\/arbolarweb.com.ar\/web\/wp-json\/wp\/v2\/types\/page"}],"author":[{"embeddable":true,"href":"https:\/\/arbolarweb.com.ar\/web\/wp-json\/wp\/v2\/users\/3"}],"replies":[{"embeddable":true,"href":"https:\/\/arbolarweb.com.ar\/web\/wp-json\/wp\/v2\/comments?post=7834"}],"version-history":[{"count":29,"href":"https:\/\/arbolarweb.com.ar\/web\/wp-json\/wp\/v2\/pages\/7834\/revisions"}],"predecessor-version":[{"id":15063,"href":"https:\/\/arbolarweb.com.ar\/web\/wp-json\/wp\/v2\/pages\/7834\/revisions\/15063"}],"wp:attachment":[{"href":"https:\/\/arbolarweb.com.ar\/web\/wp-json\/wp\/v2\/media?parent=7834"}],"curies":[{"name":"wp","href":"https:\/\/api.w.org\/{rel}","templated":true}]}}